-d**2 + 113 - 15*d + 121 + 116 + 122 - 480. Determine l(-13).
18
Let x(y) = 2*y**3 + 4*y + 16. Let p(m) = -m**3 - 3*m - 15. Let i = -139 + 137. Let z(s) = i*x(s) - 3*p(s). What is z(0)?
13
Suppose 2*v - g - 4 = 0, -g - 4*g = -2*v + 4. Let o(u) = u. Let b(a) = -15*a - 3. Let h(f) = -b(f) - 18*o(f). Determine h(v).
-3
Let w(m) = -m - 3. Let u(o) = o**3 - o**2 - o + 2. Let p be u(0). Suppose -3*f - 8 = -2*i, -3*i - i = p*f. Let n = 6 + f. Give w(n).
-7
Let b(n) = n**2 - n - 3. Let u be 18/(-4)*(-6)/(-9). What is b(u)?
9
Let y(r) = -8*r**2 - 22*r + 28. Let w be y(-4). Let z(f) = f**2 + 16*f - 4. Calculate z(w).
-52
Let n(u) be the second derivative of u**4/12 - 3*u**3/2 + 3*u**2/2 + 16*u + 5. Determine n(7).
-11
Let c(s) = -s**3 + 12. Suppose -4*y + 100 = -0*y. Suppose y*i = 27*i. Calculate c(i).
12
Let t(i) = -2*i**2 - 12*i - 2. Let g(x) = -2*x**2 - 10*x - 2. Let k(z) = -4*g(z) + 3*t(z). What is k(-5)?
32
Suppose -3*o - 4*s + 3472 = s, 3*o - 3478 = s. Let f = -771 + o. Let r(q) = 390*q - 1 - f*q + 2. What is r(-4)?
-7
Let l(y) be the third derivative of 0*y + 0 - 1/6*y**3 - 1/12*y**4 + 4*y**2. Suppose -c - 4*g + 2*g = 7, -4*c + 2 = -2*g. Calculate l(c).
1
Let l(a) = -2*a**2 - 2*a - 4. Let v = 112 - 117. Determine l(v).
-44
Let w(s) be the second derivative of 4*s**3 - 2*s - 237. What is w(-1)?
-24
Let v be ((-88)/(-55))/((-4)/(-10)). Let k(x) = -x**2 + 6*x - 6. Let u be k(v). Let i(m) = -2*m**2 + m + 2. Give i(u).
-4
Let q(p) be the third derivative of -p**4/8 + p**3/2 + 3*p**2. Let t(s) = -5*s - 87. Let d be t(-18). Determine q(d).
-6
Let o(s) = s - 5. Suppose 64 - 58 = -a. Give o(a).
-11
Let o(n) be the first derivative of -n + 1/2*n**2 + 15. Calculate o(-4).
-5
Let a(t) be the second derivative of -t**3/2 - 3*t**2 + 16*t. Let w be 5/15 - (-13)/(-3). Calculate a(w).
6
Let c(m) be the second derivative of -m**7/504 - m**5/120 + m**4/6 - 2*m. Let p(n) be the third derivative of c(n). Determine p(1).
-6
Let v(l) = 41369*l**2 + 3*l - 41370*l**2 + 5*l - 9. Determine v(4).
7
Let f(g) = 3*g - 17. Suppose -113*b = -104*b - 45. Calculate f(b).
-2
Let p(o) = -4*o - 19. Let q(x) = 12*x + 54. Let a(s) = 17*p(s) + 6*q(s). Calculate a(7).
29
Let y(d) = 6*d**2 - 5*d - 18. Let r(j) = -j**2 + 2. Let q(p) = 5*r(p) + y(p). Determine q(6).
-2
Let m(x) = -x**2 - 5*x + 11. Let d be m(-6). Let i(j) = 2*j**2 - 2*j. Let b(r) = 3*r**2 - 5*r + 1. Let y(v) = d*i(v) - 3*b(v). Give y(-5).
-3
Let m(t) be the first derivative of t**3/3 + t**2/2 + 2*t + 48. Let c = -9 - -13. Suppose -3*n - 31 = 5*j, -2*n + c*j = -j - 21. Calculate m(n).
4
Let l(u) be the second derivative of 0 + 1/20*u**5 + 1/3*u**3 - 1/2*u**2 + 1/12*u**4 - 33*u. Give l(2).
15
Let b(x) be the second derivative of x**7/210 + x**6/360 - x**5/120 + 2*x**3 + 10*x. Let w(m) be the second derivative of b(m). Determine w(1).
4
Let v(l) = -l**2 - 6*l + 3. Let u be (-520)/(-50)*(-2)/((-12)/15). Let q = u + -33. What is v(q)?
-4
Let s(j) = j**2 + 11*j - 6. Let k be s(-14). Let y = -40 + k. Let a(m) = 3 - 25*m + 27*m - 1. Give a(y).
-6
Let k(g) = 2*g**2 - 21*g + 2. Suppose 50 = 3*m + 4*o, -4*o - 20 = -8*o. Determine k(m).
-8
Let y be (-2 + 1 - -4) + (-43 - -44). Let d(j) = 2 - 3*j**2 - 1 + 6 + y*j**2 - 5*j. Determine d(5).
7
Let n(z) be the second derivative of -1/2*z**3 - 5/12*z**4 + 1/20*z**5 + 2*z**2 + 0 + 15*z. What is n(5)?
-11
Let j(d) = d**2 + 9*d + 12. Suppose -151 = 13*s - 73. Determine j(s).
-6
Let k(u) = 4*u + 10. Suppose -2*a = n + a + 23, 2 = n - 2*a. Give k(n).
-22
Let c(n) = -5*n - 20. Let t(g) = 2*g + 7. Let m(r) = -3*c(r) - 8*t(r). Suppose 8 = -3*a + 4*d, 5*d - 49 = -a - 20. Calculate m(a).
0
Let g(l) = 2*l**3 + 0*l**3 + 8*l**2 - 8*l + 4 - l**3. Let y be 5*15/(-10)*(-36)/(-30). Calculate g(y).
-5
Let y(g) be the third derivative of g**6/120 - 2*g**5/15 + g**4/4 - 3*g**3/2 - 4*g**2 + 13. Calculate y(7).
-16
Let l(a) = a + 7. Suppose 18*t - 13*t = 30. Suppose -11*q - 35 = -t*q. Give l(q).
0
Let v(y) = -y + 11. Suppose -13*u = -9*u - 16, 4*u + 4 = 2*w. Determine v(w).
1
Let f(w) = w**3 + 3*w**2 - 4*w - 7. Let q(b) = 3*b**3 + 8*b**2 - 13*b - 22. Suppose 0 = -7*z + 12*z + 10. Let x(h) = z*q(h) + 7*f(h). Give x(-5).
5
Let d = 15 - 8. Let l(u) be the third derivative of u**5/60 - 7*u**4/24 + u**3 + 3*u**2 - 3. Determine l(d).
6
Let n(b) = -13 - 4*b**3 + b - 16 - b**2 + 29. Suppose -4*x + 2*x + 5 = -o, -2*x + 6 = -2*o. Let u = 2 + o. What is n(u)?
-4
Let b(v) = v**3 - v**2 - 5. Let u(d) = -d + 5. Let r be u(4). Let c be 1/(-2 + 1/r). Let i be 0/((-2)/(-1) + c). Determine b(i).
-5
Let o be (-40)/(-6) + (-2)/3. Suppose 8*c + 2*c = 20. Let a(p) = 8*p - 32 + 17 - 8*p**c + 6 + p**2 + p**3. Determine a(o).
3
Let k(b) = b**3 - b - 1. Suppose -8*m = -5*m + 9. Let f(i) = 4*i + 4. Let z(y) = m*k(y) - f(y). Suppose 0*q = 2*q + 2. Calculate z(q).
3
Suppose 0 = 5*v + 4*t - 1, 7*v - 2*t = 3*v - 20. Let p = 12 - 12. Let m(a) = 2*a + p + 3 + 10*a**3 + 4*a**2 - 5*a**2 - 11*a**3. Determine m(v).
15
Let a(v) = v**2 + 8 - 15*v**3 - v - 103*v**3 + 117*v**3. Give a(0).
8
Suppose 5*a - 4 = a. Let l(h) = 19*h**2 - 2*h + 7. Let y(z) = -42*z**2 + 4*z - 15. Let p(n) = -13*l(n) - 6*y(n). Determine p(a).
6
Let x(o) = o**3 + 26*o**2 - 314*o - 15. Let i be x(9). Let y(u) be the third derivative of -u**4/24 - 2*u**3/3 - u**2. What is y(i)?
2
Let z = 104 - 111. Let m(h) = h**3 + 8*h**2 + 7*h - 15. Give m(z).
-15
Let v(l) = l**3 - 5*l**2 - 6*l + 2. Suppose 0 = -81*x + 8*x + 438. What is v(x)?
2
Let f(b) = 10*b**2 + b**3 + 3 - 11*b**2 + 4*b**2 + 0 + b + 2. Calculate f(-3).
2
Let o(t) = 3*t**2 - 4*t + 4. Let u = 683 + -681. What is o(u)?
8
Suppose 3*h = 2*c - 12, 0 = h + 4*c - 6*c. Let i(b) = -b**2 - 5*b + 4. Calculate i(h).
-2
Let z(s) = s + 1. Let r be z(2). Suppose 5*c - r*c = 60. Let n(t) = 21 + c - 45 - 2*t. Give n(7).
-8
Let s(w) = -w**2 - 17*w - 20. Let u(b) = b**2 + 8*b + 11. Let h(c) = 3*s(c) + 5*u(c). What is h(8)?
35
Suppose 9*f - 206 + 170 = 0. Let k(p) = -p**3 + 4*p**2 - 4*p + 3. Give k(f).
-13
Let l = 83 + -89. Let m(k) = -k**2 - 7*k - 1. What is m(l)?
5
Let b(y) = -136 + 2*y + 135 - 5*y + 0*y. Calculate b(5).
-16
Let k = -60 + 61. Let d = 6 - 4. Let m be (k*(0 - d))/1. Let a(p) = -2*p + 1. Determine a(m).
5
Let a(r) = 5 + 0*r - 3*r - 6 + 2*r. Let h be (-4)/(-10) + 264/15. Let d = -13 + h. Give a(d).
-6
Let l = -1506 - -1515. Let v(g) = -g**3 + 14*g**2 - 45*g - 3. Calculate v(l).
-3
Let i(a) = -15*a**3 - 22*a**2 + 5*a + 21*a**2 - 12*a + 6*a. Calculate i(-1).
15
Let l(y) = 2*y**3 + y**2 + y + 1. Let b(z) = -80*z**3 - 3 - 4*z**2 - 3*z - 88*z**3 + 163*z**3. Let k(v) = -3*b(v) - 8*l(v). Determine k(4).
5
Suppose 0 = -0*c + 3*c - 15. Suppose 3*v = -4*m - 4 + 2, -c*v - 2*m = 22. Let t(d) = d**3 + 6*d**2 + d + 4. Determine t(v).
-2
Let k = 95 + -77. Suppose 0 = -j - 4*d + k, 4*d - 11 = 3*j - 1. Let a(z) = z + 2. What is a(j)?
4
Let b(s) = -s**2 - 15*s - 50. Let o = 79 + -90. Let a be b(o). Let f(l) = -l**2 - 6*l - 8. Give f(a).
-8
Let q(p) = 5*p**3 - 11*p**2 - 52*p - 36. Let w(j) = -j**3 + 2*j**2 + 10*j + 7. Let l(g) = -2*q(g) - 11*w(g). Give l(3).
4
Suppose -2*a + 6 = -5*n, 4*n - 9 = -2*a - a. Let y(f) = 5*f + f**a - 7*f**2 + f**3 - 2 - f**3. Give y(6).
-8
Let q(n) = n - 64 + 120 - 58. What is q(-5)?
-7
Let n(q) = -q - 17. Let u be n(-21). Suppose -u*k = 5*m, 5*k + m - 9 - 12 = 0. Let b(s) = 3 - 5*s - 5 + s + s**2. What is b(k)?
3
Let s(t) = t**2 + 7*t - 1. Let j(v) = 8*v**2 + 44*v - 13. Let q(d) = j(d) - 6*s(d). What is q(-3)?
5
Let v(z) be the second derivative of -z**4/12 - z**3/6 - 8*z**2 + 62*z. Give v(0).
-16
Suppose 5 = 2*m - 7*m. Suppose 0 = 5*l - 3*c - 0*c - 13, c = -5*l + 9. Let i(k) = l + 8*k + 6*k - 1 - 4*k. Calculate i(m).
-9
Let h = 17 + -13. Suppose 4*z - 3*z - h = 0. Let l(f) = 4*f - 5*f - z + 15 + 2*f. What is l(0)?
11
Let y = -220 - -229. Let w(i) = -2*i + 12. Give w(y).
-6
Let p(d) = -7*d**3 + 3*d**2 - 2. Let c be p(2). Let o = c + 39. Let k(a) = 6 + 0*a + a + 4. Give k(o).
3
Let i = 29 + -34. Let a(d) = 6*d - 5. What is a(i)?
-35
Let a(h) be the first derivative of -h**4/4 - 5*h**3/3 - h**2 - 3*h - 117. Determine a(-5).
7
Suppose -39 - 3 = -14*i. Let a(y) = y + 5 - 379*y**3 + y**2 - 1 + 378*y**i. Calculate a(0).
4
Let c(u) = 2*u**2 - u - 2. Let y(j) = -5*j**2 + 5*j + 4. Let r(v) = 4*c(v) + y(v). Give r(3).
26
Let x